e factors of 3711236569.
103, 739, 48757
What are the prime factors of 8110522?
2, 7, 167, 3469
What are the prime factors of 190847634?
2, 3, 31807939
List the prime factors of 2890632082.
2, 13, 111178157
List the prime factors of 2539063440.
2, 3, 5, 109, 32353
List the prime factors of 477576502.
2, 13, 1051, 17477
What are the prime factors of 60840710?
2, 5, 7, 869153
List the prime factors of 3735342846.
2, 3, 691, 300317
List the prime factors of 92222191.
101, 139, 6569
List the prime factors of 2872395.
3, 5, 21277
What are the prime factors of 143307920?
2, 5, 7, 255907
List the prime factors of 1607360521.
13, 53, 179453
What are the prime factors of 10481452?
2, 17, 9067
List the prime factors of 63743957.
63743957
List the prime factors of 1054625952.
2, 3, 31, 354377
What are the prime factors of 2418353234?
2, 11, 109925147
What are the prime factors of 166713869?
7, 1061, 22447
What are the prime factors of 1341665299?
13, 89, 823, 1409
List the prime factors of 57907497.
3, 19, 59, 67, 257
What are the prime factors of 577046260?
2, 5, 7, 47, 87697
What are the prime factors of 79100880?
2, 3, 5, 329587
What are the prime factors of 698963562?
2, 3, 11, 103, 34273
List the prime factors of 69881690.
2, 5, 6988169
List the prime factors of 105290388.
2, 3, 7, 139273
What are the prime factors of 245198954?
2, 7, 11, 13, 122477
What are the prime factors of 22168035?
3, 5, 29, 16987
List the prime factors of 795653211.
3, 265217737
What are the prime factors of 366574681?
11, 61, 659, 829
List the prime factors of 41972620.
2, 5, 233, 9007
List the prime factors of 855834619.
53, 16147823
List the prime factors of 61792149.
3, 20597383
What are the prime factors of 26852214?
2, 3, 17, 263257
List the prime factors of 104693348.
2, 431, 60727
List the prime factors of 71754564.
2, 3, 7, 19, 44959
List the prime factors of 1922979925.
5, 107, 718871
What are the prime factors of 10129421?
227, 44623
List the prime factors of 4416681213.
3, 7, 137, 511723
List the prime factors of 3127216065.
3, 5, 43, 383, 12659
List the prime factors of 5312078383.
17, 1613, 193723
List the prime factors of 24399286.
2, 12199643
What are the prime factors of 691422892?
2, 691, 250153
List the prime factors of 57630787.
59, 61, 67, 239
List the prime factors of 1193073710.
2, 5, 23, 5187277
List the prime factors of 1101695.
5, 7, 31477
List the prime factors of 40450285.
5, 8090057
What are the prime factors of 2566317450?
2, 3, 5, 17, 223, 4513
What are the prime factors of 365396444?
2, 7, 151, 86423
List the prime factors of 1575545131.
1575545131
List the prime factors of 4680575.
5, 187223
What are the prime factors of 4832285499?
3, 178973537
What are the prime factors of 2530155192?
2, 3, 4591, 22963
List the prime factors of 1981455325.
5, 503, 157571
What are the prime factors of 214439883?
3, 7, 733, 13931
What are the prime factors of 345308101?
31, 197, 56543
What are the prime factors of 3619139?
19, 67, 2843
What are the prime factors of 29722459?
13, 31, 131, 563
What are the prime factors of 30439793?
61, 569, 877
What are the prime factors of 60358849?
60358849
What are the prime factors of 543544863?
3, 13331, 13591
What are the prime factors of 130275289?
23, 73, 77591
List the prime factors of 680198103.
3, 13, 29, 307, 653
List the prime factors of 767391209.
13, 19, 3106847
List the prime factors of 365549298.
2, 3, 1031, 59093
List the prime factors of 266742053.
17, 181, 86689
List the prime factors of 43056993.
3, 7, 2050333
List the prime factors of 704206263.
3, 1523, 154127
What are the prime factors of 116525435?
5, 13, 31, 57829
List the prime factors of 491055157.
37, 13271761
What are the prime factors of 128757944?
2, 7, 2299249
What are the prime factors of 1455466524?
2, 3, 121288877
What are the prime factors of 85604098?
2, 42802049
List the prime factors of 37186108.
2, 71, 127, 1031
List the prime factors of 86282640.
2, 3, 5, 293, 409
What are the prime factors of 12931058?
2, 7, 19, 173, 281
What are the prime factors of 6013080392?
2, 11, 68330459
What are the prime factors of 582763509?
3, 64751501
What are the prime factors of 220729215?
3, 5, 7, 2102183
List the prime factors of 1920321072.
2, 3, 29, 459847
List the prime factors of 233214543.
3, 25912727
List the prime factors of 361744728.
2, 3, 631, 23887
What are the prime factors of 30498785?
5, 2393, 2549
What are the prime factors of 1990316669?
11, 41, 4413119
List the prime factors of 1870426808.
2, 233803351
What are the prime factors of 553730877?
3, 7, 2929793
What are the prime factors of 388542235?
5, 77708447
List the prime factors of 18758515.
5, 3751703
What are the prime factors of 18355998?
2, 3, 61, 50153
List the prime factors of 135639966.
2, 3, 7, 11, 61, 4813
What are the prime factors of 3566437?
7, 577, 883
List the prime factors of 370537266.
2, 3, 11, 5614201
List the prime factors of 1344221345.
5, 71, 3786539
List the prime factors of 2717567789.
59, 4931, 9341
What are the prime factors of 4145708468?
2, 11, 17, 326023
List the prime factors of 9013350098.
2, 233, 19341953
List the prime factors of 20282646.
2, 3, 3380441
What are the prime factors of 1103388366?
2, 3, 17, 1699, 6367
What are the prime factors of 391552094?
2, 195776047
What are the prime factors of 110093750?
2, 5, 13, 271
List the prime factors of 502373934.
2, 3, 83, 112087
List the prime factors of 8495051703.
3, 41, 69065461
List the prime factors of 28914135.
3, 5, 233, 8273
What are the prime factors of 26470248?
2, 3, 7, 157561
What are the prime factors of 292240513?
43, 79, 86029
List the prime factors of 15721244.
2, 7, 11, 51043
What are the prime factors of 3549045?
3, 5, 223, 1061
What are the prime factors of 2223428332?
2, 71, 1237, 6329
What are the prime factors of 4324773000?
2, 3, 5, 1441591
What are the prime factors of 4480717155?
3, 5, 439, 680443
What are the prime factors of 4367209001?
607, 1291, 5573
List the prime factors of 2470913300.
2, 5, 43, 574631
List the prime factors of 804651998.
2, 613, 656323
List the prime factors of 101067399.
3, 3743237
What are the prime factors of 21182299?
21182299
What are the prime factors of 1910644948?
2, 31, 1231, 12517
List the prime factors of 9135769545.
3, 5, 7, 2017, 4793
List the prime factors of 5971027.
5971027
What are the prime factors of 94340313?
3, 1783, 5879
List the prime factors of 2828175132.
2, 3, 235681261
What are the prime factors of 778251174?
2, 3, 127, 1021327
List the prime factors of 4237058659.
29, 53, 2756707
List the prime factors of 21207824.
2, 11, 41, 2939
What are the prime factors of 43820922?
2, 3, 911, 8017
List the prime factors of 21031634.
2, 13, 101, 8009
What are the prime factors of 1086654976?
2, 11, 61, 3163
What are the prime factors of 384935177?
11, 34994107
What are the prime factors of 629297730?
2, 3, 5, 193, 36229
List the prime factors of 85242386.
2, 17, 439, 5711
What are the prime factors of 356070441?
3, 509, 233183
What are the prime factors of 219814122?
2, 3, 11, 373, 8929
List the prime factors of 515276187.
3, 171758729
What are the prime factors of 3353342589?
3, 1367, 272563
What are the prime factors of 284747001?
3, 7, 11, 112061
List the prime factors of 189395186.
2, 94697593
What are the prime factors of 3065093?
757, 4049
What are the prime factors of 63104339?
19, 73, 45497
List the prime factors of 99877378.
2, 1709, 29221
What are the prime factors of 4263783551?
29, 43, 61, 56053
What are the prime factors of 120789359?
120789359
List the prime factors of 6522091927.
13, 223, 2249773
What are the prime factors of 73365851?
13, 41, 59, 2333
What are the prime factors of 3842866003?
67, 149, 384941
List the prime factors of 694677249.
3, 7, 47, 78203
List the prime factors of 16148354.
2, 37, 47, 4643
What are the prime factors of 1092488836?
2, 273122209
List the prime factors of 768880559.
197, 751, 5197
What are the prime factors of 33344809?
29, 31, 1279
List the prime factors of 131605305.
3, 5, 13, 19, 35521
List the prime factors of 1713042196.
2, 17, 2011, 12527
List the prime factors of 49759172.
2, 277, 44909
What are the prime factors of 353819616?
2, 3, 31, 118891
List the prime factors of 122921261.
